34).
1
Let w(d) = -d**2 - 26*d - 426. Give w(36).
-2658
Let y(x) = 3*x**2 - 38*x - 1472. Calculate y(33).
541
Let b(o) = -20*o**3 + 6*o**2 + 49*o + 99. Calculate b(-2).
185
Let x(m) = -m - 529. Determine x(46).
-575
Let x(c) = 2895*c + 888772. What is x(-307)?
7
Let q(t) = -134*t**2 + 1167*t + 319. Calculate q(9).
-32
Let f(o) = 1285*o**3 - 70*o**2 - 61*o + 8. Determine f(-1).
-1286
Let v(i) = 54348*i - 1141336. Determine v(21).
-28
Let v(x) = 1655*x - 54350. Determine v(33).
265
Let q(f) = 2761*f - 47051. What is q(17)?
-114
Let j(f) = 15796*f - 347369. What is j(22)?
143
Let m(i) = i**3 + 494*i**2 + 51996*i + 4090. What is m(-342)?
-14
Let s(c) = 2649*c - 2225. Determine s(1).
424
Let x(h) = -37026*h + 148102. Calculate x(4).
-2
Let p(f) = 1019*f**3 - 41778*f**2 - 32*f - 359. What is p(41)?
10
Let b(a) = -3102*a**2 - 18585*a + 160. Calculate b(-6).
-2
Let u(a) = 4*a**3 - 421*a**2 - 24732*a + 263. Give u(-42).
11
Let n(x) = -42*x**2 + 117*x - 180. What is n(-6)?
-2394
Let k(z) = -3*z**3 - 24*z**2 + 41*z - 100. Give k(-12).
1136
Let d(n) = 4*n**2 - 1559*n + 7319. Give d(385).
4
Let h(g) = -g**3 + 150*g**2 - 136*g - 1864. Give h(149).
73
Let c(w) = -195240*w + 9371534. What is c(48)?
14
Let b(t) = t**2 - 209*t + 10239. Determine b(133).
131
Let r(g) = g**3 + 17*g**2 + 45*g - 4. What is r(8)?
1956
Let l(c) = 192515*c + 6930537. Give l(-36).
-3
Let a(x) = x**3 - 88*x**2 + 1951*x - 149. Determine a(41).
835
Let v(w) = w**3 - 248*w**2 + 280*w - 8147. Determine v(247).
4
Let g(b) = b**3 - 4*b**2 + 1437*b - 8684. Calculate g(6).
10
Let f(b) = 15569*b - 77935. Determine f(5).
-90
Let g(c) = -1227*c**2 - 144*c - 143. Determine g(-1).
-1226
Let r(i) = 684*i + 114099. Determine r(-167).
-129
Let w(v) = v**2 + 591*v + 70704. Calculate w(-425).
154
Let l(j) = -j**3 + 275*j**2 - 561*j + 4122. Determine l(273).
27
Let w(t) = t**2 + 112*t + 602. Give w(-15).
-853
Let r(u) = -210*u - 36069. Calculate r(-173).
261
Let f(v) = v**2 - 1479*v + 16071. Determine f(11).
-77
Let s(i) = i**3 - 37*i**2 - 101*i + 583. Calculate s(38).
-1811
Let q(d) = 59*d**2 + 1333*d + 3452. What is q(-3)?
-16
Let h(y) = 294049*y + 882154. Give h(-3).
7
Let d(x) = -772*x - 78790. Give d(-100).
-1590
Let a(o) = -36992*o + 22417154. Give a(606).
2
Let l(n) = -36760*n - 180. Determine l(0).
-180
Let k(i) = -510376*i - 20415041. Give k(-40).
-1
Let z(b) = b**3 - 390*b**2 + 257*b + 51341. What is z(389)?
-7
Let y(o) = -37493*o + 2961924. Calculate y(79).
-23
Let b(y) = 15*y**2 - 3199*y + 19210. Give b(6).
556
Let j(l) = 7510*l + 134616. Give j(-18).
-564
Let s(m) = -m**2 - 742*m + 33778. Calculate s(43).
23
Let m(t) = -785*t + 192302. What is m(245)?
-23
Let d(j) = -1576*j + 15401. Give d(10).
-359
Let y(c) = c**3 - 840*c**2 - 6801*c - 1. What is y(-8)?
135
Let n(f) = 6445*f - 5942287. Determine n(922).
3
Let v(j) = -29*j**2 - 12499*j + 4. Determine v(-431).
4
Let p(g) = -g**3 - g**2 + 3209*g + 160. Determine p(0).
160
Let h(n) = 169*n**2 + 17*n - 8. Calculate h(-1).
144
Let j(u) = -379*u - 2053. Calculate j(-8).
979
Let g(q) = -q**3 + 95*q**2 - 993*q - 244. Calculate g(83).
5
Let r(g) = 750*g - 889. Determine r(3).
1361
Let a(s) = -59*s**2 + 3434*s - 6849. Determine a(2).
-217
Let c(h) = -614*h - 99750. Determine c(-164).
946
Let y(t) = -11*t**2 + 1026*t + 1817. What is y(95)?
12
Let i(w) = -2*w**3 + 184*w**2 - 4211*w - 131. Calculate i(43).
-2
Let r(m) = -m**2 - 6287*m - 125372. Calculate r(-20).
-32
Let u(b) = -4*b**3 + 211*b**2 - 2624*b - 2264. Calculate u(31).
-1
Let k(h) = 245928*h + 1967449. Calculate k(-8).
25
Let h(x) = -189*x**2 + 1307*x + 85. What is h(7)?
-27
Let a(i) = 8199*i + 393520. Determine a(-48).
-32
Let b(v) = v**3 - 372*v**2 - 370*v - 1019. Determine b(373).
100
Let n(x) = x**2 + 101411*x + 1115368. Calculate n(-11).
-32
Let n(a) = -528*a**3 - 3164*a**2 - 24*a - 124. What is n(-6)?
164
Let r(g) = -g**3 - 16*g**2 - 165689*g - 2485101. Determine r(-15).
9
Let q(o) = -5*o**2 + 1815*o - 161340. Determine q(156).
120
Let j(c) = -3*c**3 + 73*c**2 + 2390*c - 49178. Give j(18).
-2
Let p(c) = -7877*c - 64960. Calculate p(-8).
-1944
Let v(p) = 9241*p + 73836. Determine v(-8).
-92
Let y(c) = -c**3 - 76*c**2 - 102*c - 2009. Determine y(-75).
16
Let t(y) = -5*y**3 - 4*y**2 + 19*y + 24. What is t(4)?
-284
Let r(f) = f**3 + 50*f**2 + 453*f + 42. What is r(-12)?
78
Let u(a) = -1074*a - 272157. Determine u(-253).
-435
Let v(w) = -3*w**2 + 591*w + 15909. What is v(221)?
-3
Let i(z) = z**2 + 345*z - 55458. Give i(119).
-242
Let p(r) = 2*r**3 - 11*r**2 + 2*r + 40. Determine p(7).
201
Let h(v) = 161*v**3 - 12714*v**2 - 393*v + 137. Determine h(79).
295
Let l(w) = w**2 + 24692*w - 197713. What is l(8)?
-113
Let m(g) = -g**3 - 5*g**2 - 482*g - 4245. What is m(-9)?
417
Let i(q) = -552*q + 1089. Calculate i(2).
-15
Let a(q) = 9*q**2 + 308*q - 1716. What is a(7)?
881
Let i(u) = -1090*u - 62498. Give i(-58).
722
Let d(m) = -1868*m + 13633. Calculate d(7).
557
Let p(d) = -d**2 + 3117*d - 34188. What is p(11)?
-22
Let u(o) = -2*o**2 - 230*o - 2409. Determine u(-12).
63
Let q(p) = -2*p**3 - 5*p**2 - 173*p + 177. Calculate q(1).
-3
Let x(q) = q**3 + 71*q**2 - 3716*q - 247. Determine x(-106).
389
Let b(x) = x**3 + 96*x**2 + 1819*x - 14. What is b(-26)?
12
Let t(m) = 3*m**2 + 19035*m + 76105. Determine t(-4).
13
Let w(s) = s**3 + 410*s**2 - 5080*s - 6744. Give w(-422).
8
Let c(y) = -2*y**2 - 309*y - 1065. Give c(-146).
1417
Let v(u) = -u**3 + 467*u**2 - 22316*u + 5779. Calculate v(413).
-3
Let q(o) = 2*o**2 - 9365*o + 121435. Calculate q(13).
28
Let c(i) = -2615839*i + 20926713. Determine c(8).
1
Let k(q) = -97*q + 2129. What is k(24)?
-199
Let i(u) = 1984*u - 63460. Calculate i(32).
28
Let i(z) = z**2 - 1388*z + 480510. Give i(728).
30
Let q(m) = -1092*m - 394178. Give q(-361).
34
Let i(k) = -118317*k - 7690600. Give i(-65).
5
Let k(q) = 3719*q**2 + 33477*q - 28. What is k(-9)?
-82
Let u(m) = -m**3 + 26*m**2 + 604*m + 104. What is u(41)?
-347
Let n(d) = -18*d**2 + 582*d + 3903. Determine n(38).
27
Let r(x) = 334*x + 2374. Give r(-7).
36
Let n(t) = 430*t + 7617. Give n(-19).
-553
Let k(p) = -22351*p + 104. What is k(0)?
104
Let h(w) = -w**2 - 51*w + 1348. Calculate h(16).
276
Let d(f) = 1529*f - 404985. What is d(265)?
200
Let g(t) = -13*t**3 + 1693*t**2 - 401*t + 1434. Calculate g(130).
4
Let t(m) = 446*m**2 + 92328*m + 1252. Calculate t(-207).
10
Let p(y) = 2*y**3 + 11*y**2 - 218*y - 1070. Calculate p(-5).
45
Let g(n) = 4031*n + 36203. Determine g(-9).
-76
Let z(i) = -1176269*i - 5881334. Determine z(-5).
11
Let m(s) = 7*s**2 - 128745*s - 515094. Give m(-4).
-2
Let t(m) = 2*m**3 + 28*m**2 + 105*m + 36. Determine t(-7).
-13
Let q(k) = 2*k**3 + 46*k**2 + 94*k + 72. Give q(-23).
-2090
Let s(z) = -5*z**2 + 132*z + 289. Give s(40).
-2431
Let y(p) = -29*p**2 - 971*p - 4651. Give y(-6).
131
Let f(v) = -235*v - 14049. What is f(-68)?
1931
Let z(u) = u**3 - 21*u**2 - 55*u - 170. Determine z(30).
6280
Let p(l) = 25111*l + 125747. Give p(-5).
192
Let z(s) = -2*s**3 + 339*s**2 - 2289*s - 11. Calculate z(7).
-109
Let c(k) = k**2 + 79*k + 955. Give c(-14).
45
Let b(m) = m**3 + 71*m**2 - 137*m + 575. Give b(-73).
-82
Let k(i) = -24100*i - 169174. Determine k(-7).
-474
Let v(d) = 3*d**2 - 79*d - 398. Give v(-5).
72
Let s(u) = -u**3 - 145*u**2 + 35*u - 83590. What is s(-149)?
-1
Let r(k) = -k**2 - 1537*k - 18285. What is r(-12)?
15
Let j(k) = 207*k**2 - 5376*k - 126. Give j(26).
30
Let q(y) = 2*y**2 + 981*y + 110282. Calculate q(-316).
-2
Let v(w) = 11743*w + 129907. Determine v(-11).
734
Let m(p) = -107*p**2 + 339*p - 107. What is m(7)?
-2977
Let y(z) = -3*z**3 + 29*z**2 - 199*z + 2420. Determine y(11).
-253
Let a(n) = 2*n**2 + 297*n - 9629. What is a(-176)?
51
Let u(c) = -3*c**2 + 400*c - 12190. Determine u(47).
-17
Let p(n) = -2*n**2 - 2372*n - 11880. What is p(-5)?
-70
Let q(y) = -3*y**3 + 1641*y**2 - 8148*y + 9772. What is q(542)?
16
Let f(b) = -136*b**3 + 9519*b**2 + 72*b - 139. Determine f(70).
1
Let i(f) = 56119*f + 336952. Determine i(-6).
238
Let x(b) = 20*b**2 - 811*b - 3569. Give x(-4).
-5
Let v(y) = 4*y**3 + 1260*y**2 - 1067*y - 336094. What is v(-315)?
11
Let k(o) = -o**3 + 43*o**2 - 362*o + 2877. What is k(35)?
7
Let z(a) = a**3 - 289*a**2 - 3945*a - 99. Determine z(-13).
148
Let f(u) = -183*u**3 